{"id":19,"date":"2019-06-30T19:22:23","date_gmt":"2019-06-30T17:22:23","guid":{"rendered":"http:\/\/192.168.178.69\/wordpress\/?page_id=19"},"modified":"2023-09-21T12:02:05","modified_gmt":"2023-09-21T10:02:05","slug":"haemmelsmarch","status":"publish","type":"page","link":"https:\/\/www.schefflengermusek.lu\/?page_id=19","title":{"rendered":"H\u00e4mmelsmarsch"},"content":{"rendered":"\n<figure class=\"wp-block-image size-large\"><img loading=\"lazy\" decoding=\"async\" width=\"1024\" height=\"784\" src=\"https:\/\/www.schefflengermusek.lu\/wp-content\/uploads\/2023\/09\/HMSHM1-1024x784.jpg\" alt=\"\" class=\"wp-image-350\" srcset=\"https:\/\/www.schefflengermusek.lu\/wp-content\/uploads\/2023\/09\/HMSHM1-1024x784.jpg 1024w, https:\/\/www.schefflengermusek.lu\/wp-content\/uploads\/2023\/09\/HMSHM1-300x230.jpg 300w, https:\/\/www.schefflengermusek.lu\/wp-content\/uploads\/2023\/09\/HMSHM1-768x588.jpg 768w, https:\/\/www.schefflengermusek.lu\/wp-content\/uploads\/2023\/09\/HMSHM1-1536x1176.jpg 1536w, https:\/\/www.schefflengermusek.lu\/wp-content\/uploads\/2023\/09\/HMSHM1-676x518.jpg 676w, https:\/\/www.schefflengermusek.lu\/wp-content\/uploads\/2023\/09\/HMSHM1.jpg 1781w\" sizes=\"auto, (max-width: 1024px) 100vw, 1024px\" \/><\/figure>\n\n\n\n<p class=\"has-medium-font-size\">E Wuert zum H\u00e4mmelsmarsch: <\/p>\n\n\n\n<p class=\"has-medium-font-size\">\u201eDen H\u00e4mmelsmarsch ass eng al Traditioun\u201c, heescht et \u00ebmmer er\u00ebm. Den traditionellen H\u00e4mmelsmarsch steet a Relatioun mat der vum Jang dem Blannen am Joer 1340 gegr\u00ebnnte Schueberm\u00ebss. De Brauch staamt vun der \u201eSch\u00fctzengesellschaft Sankt-Bastian\u201c denen hir Memberen berechtegt waren, ee best\u00ebmmten Deel vun de Suen, d\u00e9i vun de Spiller op der Schueberm\u00ebss erageholl gi sinn, anzekass\u00e9ieren.&nbsp;<\/p>\n\n\n\n<p class=\"has-medium-font-size\">Fir wat geet d\u2019Musek den H\u00e4mmelsmarsch spillen?<\/p>\n\n\n\n<p class=\"has-medium-font-size\">Den Haaptgew\u00ebnn, den d\u00e9i \u201eSebastiansbr\u00fcderschaft\u201c fir dee beschte Sch\u00fctzen bei engem Pr\u00e4issch\u00e9issen ginn huet, war een Hammel. D\u00ebse Pr\u00e4ishammel ass \u00ebnner de Kl\u00e4ng vum H\u00e4mmelsmarsch \u00ebmmer festlech duerch d\u2018Stad gefouert ginn.<\/p>\n\n\n\n<p class=\"has-medium-font-size\">Wouhier d\u00e9i bekannt a bel\u00e9ift Melodie vun der \u00e9ischter einfacher Weis vum H\u00e4mmelsmarsch eigentlech stammt, ass awer onkloer.<\/p>\n\n\n\n<p class=\"has-medium-font-size\">Norditalien, awer och Flandern a Brabant, ginn als Ursprongsland vermutt. Anerer mengen, et w\u00e4r d\u2018Melodie vun engem heemeschen Prozessiounsmarsch. Oder hat e L\u00ebtzebuerger Komponist d\u2018Melodie geschriwwen? Froen, d\u00e9i bis haut onbe\u00e4ntwert bleiwen. Et g\u00ebtt deemno vill Geheimnisser ronder\u00ebm den H\u00e4mmelsmarsch.<\/p>\n\n\n\n<p class=\"has-medium-font-size\">Wat ass de Brauch hautzedaags?<\/p>\n\n\n\n<p class=\"has-medium-font-size\">Den H\u00e4mmelsmarsch g\u00ebtt haut an all Stad an Duerf fir d\u2019Ouverture vun der Kiermes ofgehalen, allerd\u00e9ngs meeschtens ouni Hammel. Aus den Dr\u00e9nkgelder a Spenden fir d\u2019Begleeder ass haut en wichtegen B\u00e4itrag fir d\u2019Ver\u00e4inskeess ginn. D\u2019Musikanten tr\u00ebppelen duerch d\u2019Strossen an maache Musek, an iwwerdeems schellen d\u2019Begleeder mat den Sammelb\u00e9chsen un den Hausdieren an free\u00ebn sech iwwert all Don. Ab engem gew\u00ebssen Betrag kritt Dir dann och en Tusch oder d\u2019Kiermeslidd gespillt.<\/p>\n\n\n\n<p class=\"has-medium-font-size\">Och d\u2019Sch\u00ebfflenger Harmonie Municipale (d\u2019 Musek) geet den H\u00e4mmelsmarsch duerch d&#8217;Uertschaft spillen. Dat ass am November, wann den Hellege Martin gefeiert g\u00ebtt a M\u00ebtt Juli, wann d\u2019Summerkiermes ass.<\/p>\n\n\n\n<figure class=\"wp-block-image size-large\"><img loading=\"lazy\" decoding=\"async\" width=\"1024\" height=\"768\" src=\"https:\/\/www.schefflengermusek.lu\/wp-content\/uploads\/2023\/09\/HMSHM2-1024x768.jpg\" alt=\"\" class=\"wp-image-351\" srcset=\"https:\/\/www.schefflengermusek.lu\/wp-content\/uploads\/2023\/09\/HMSHM2-1024x768.jpg 1024w, https:\/\/www.schefflengermusek.lu\/wp-content\/uploads\/2023\/09\/HMSHM2-300x225.jpg 300w, https:\/\/www.schefflengermusek.lu\/wp-content\/uploads\/2023\/09\/HMSHM2-768x576.jpg 768w, https:\/\/www.schefflengermusek.lu\/wp-content\/uploads\/2023\/09\/HMSHM2-1536x1152.jpg 1536w, https:\/\/www.schefflengermusek.lu\/wp-content\/uploads\/2023\/09\/HMSHM2-676x507.jpg 676w, https:\/\/www.schefflengermusek.lu\/wp-content\/uploads\/2023\/09\/HMSHM2.jpg 1600w\" sizes=\"auto, (max-width: 1024px) 100vw, 1024px\" \/><\/figure>\n","protected":false},"excerpt":{"rendered":"<p>E Wuert zum H\u00e4mmelsmarsch: \u201eDen H\u00e4mmelsmarsch ass eng al Traditioun\u201c, heescht et \u00ebmmer er\u00ebm. Den traditionellen H\u00e4mmelsmarsch steet a Relatioun mat der vum Jang dem Blannen am Joer 1340 gegr\u00ebnnte Schueberm\u00ebss. De Brauch staamt vun der \u201eSch\u00fctzengesellschaft Sankt-Bastian\u201c denen hir Memberen berechtegt waren, ee best\u00ebmmten Deel vun de Suen, d\u00e9i vun de Spiller op der [&hellip;]<\/p>\n","protected":false},"author":1,"featured_media":0,"parent":6,"menu_order":0,"comment_status":"closed","ping_status":"closed","template":"","meta":{"footnotes":""},"class_list":["post-19","page","type-page","status-publish","hentry","post-preview"],"_links":{"self":[{"href":"https:\/\/www.schefflengermusek.lu\/index.php?rest_route=\/wp\/v2\/pages\/19","targetHints":{"allow":["GET"]}}],"collection":[{"href":"https:\/\/www.schefflengermusek.lu\/index.php?rest_route=\/wp\/v2\/pages"}],"about":[{"href":"https:\/\/www.schefflengermusek.lu\/index.php?rest_route=\/wp\/v2\/types\/page"}],"author":[{"embeddable":true,"href":"https:\/\/www.schefflengermusek.lu\/index.php?rest_route=\/wp\/v2\/users\/1"}],"replies":[{"embeddable":true,"href":"https:\/\/www.schefflengermusek.lu\/index.php?rest_route=%2Fwp%2Fv2%2Fcomments&post=19"}],"version-history":[{"count":8,"href":"https:\/\/www.schefflengermusek.lu\/index.php?rest_route=\/wp\/v2\/pages\/19\/revisions"}],"predecessor-version":[{"id":355,"href":"https:\/\/www.schefflengermusek.lu\/index.php?rest_route=\/wp\/v2\/pages\/19\/revisions\/355"}],"up":[{"embeddable":true,"href":"https:\/\/www.schefflengermusek.lu\/index.php?rest_route=\/wp\/v2\/pages\/6"}],"wp:attachment":[{"href":"https:\/\/www.schefflengermusek.lu\/index.php?rest_route=%2Fwp%2Fv2%2Fmedia&parent=19"}],"curies":[{"name":"wp","href":"https:\/\/api.w.org\/{rel}","templated":true}]}}