{"id":255,"date":"2022-11-12T22:39:42","date_gmt":"2022-11-12T21:39:42","guid":{"rendered":"https:\/\/www.schefflengermusek.lu\/?page_id=255"},"modified":"2023-09-26T14:43:43","modified_gmt":"2023-09-26T12:43:43","slug":"wanterconcert-2022-bei-eis-doheem","status":"publish","type":"page","link":"https:\/\/www.schefflengermusek.lu\/?page_id=255","title":{"rendered":"Un Sogno Italiano"},"content":{"rendered":"\n<h2 class=\"has-text-align-center wp-block-heading\"><strong>Fr\u00e9ijoersconcert 2023 <\/strong><\/h2>\n\n\n\n<figure class=\"wp-block-image size-large\"><img loading=\"lazy\" decoding=\"async\" width=\"1024\" height=\"720\" src=\"https:\/\/www.schefflengermusek.lu\/wp-content\/uploads\/2023\/04\/337518373_560461045937417_8027356919294070991_n-1024x720.jpg\" alt=\"\" class=\"wp-image-270\" srcset=\"https:\/\/www.schefflengermusek.lu\/wp-content\/uploads\/2023\/04\/337518373_560461045937417_8027356919294070991_n-1024x720.jpg 1024w, https:\/\/www.schefflengermusek.lu\/wp-content\/uploads\/2023\/04\/337518373_560461045937417_8027356919294070991_n-300x211.jpg 300w, https:\/\/www.schefflengermusek.lu\/wp-content\/uploads\/2023\/04\/337518373_560461045937417_8027356919294070991_n-768x540.jpg 768w, https:\/\/www.schefflengermusek.lu\/wp-content\/uploads\/2023\/04\/337518373_560461045937417_8027356919294070991_n-676x475.jpg 676w, https:\/\/www.schefflengermusek.lu\/wp-content\/uploads\/2023\/04\/337518373_560461045937417_8027356919294070991_n.jpg 1408w\" sizes=\"auto, (max-width: 1024px) 100vw, 1024px\" \/><\/figure>\n\n\n\n<p class=\"has-text-align-center\">D\u2019Sch\u00ebfflenger Musek invit\u00e9iert iech ganz h\u00e4erzlech de 6. Mee um 19:30 an den Centre Sportif zu Sch\u00ebffleng op eng Rees duerch d\u00e9i vills\u00e4iteg italieenesch Musekswelt. <img loading=\"lazy\" decoding=\"async\" width=\"16\" height=\"16\" src=\"https:\/\/static.xx.fbcdn.net\/images\/emoji.php\/v9\/tb9\/1\/16\/1f1ee_1f1f9.png\" alt=\"\ud83c\uddee\ud83c\uddf9\"><\/p>\n\n\n\n<p class=\"has-text-align-center\">Vun klasseschen weltbekannten Arien, iwwert Filmmusek bis modern Popmusek ass vun allem an fir jiddereen eppes dob\u00e4i. <img loading=\"lazy\" decoding=\"async\" width=\"16\" height=\"16\" src=\"https:\/\/static.xx.fbcdn.net\/images\/emoji.php\/v9\/t4b\/1\/16\/1f3bb.png\" alt=\"\ud83c\udfbb\"><img loading=\"lazy\" decoding=\"async\" width=\"16\" height=\"16\" src=\"https:\/\/static.xx.fbcdn.net\/images\/emoji.php\/v9\/t7e\/1\/16\/1f3a4.png\" alt=\"\ud83c\udfa4\"><br>Och soss steet den Owend ganz \u00ebnnert dem Thema Italien, an fir traditionellt Iessen an Gedr\u00e9nks ass selbstverst\u00e4ndlech beschtens gesuergt. <img loading=\"lazy\" decoding=\"async\" width=\"16\" height=\"16\" src=\"https:\/\/static.xx.fbcdn.net\/images\/emoji.php\/v9\/tab\/1\/16\/1f355.png\" alt=\"\ud83c\udf55\"><img loading=\"lazy\" decoding=\"async\" width=\"16\" height=\"16\" src=\"https:\/\/static.xx.fbcdn.net\/images\/emoji.php\/v9\/tf\/1\/16\/1f942.png\" alt=\"\ud83e\udd42\"><\/p>\n\n\n\n<p class=\"has-text-align-center\"><strong>Mir free\u00ebn&nbsp;eis elo schon iech all op eisem Fr\u00e9ijoersconcert k\u00ebnnen ze begr\u00e9issen!<\/strong><\/p>\n\n\n\n<p class=\"has-text-align-center\"><strong>***<\/strong><\/p>\n\n\n\n<p>Reserv\u00e9iert elo \u00e4r Platzen, den Entr\u00e9e ass fr\u00e4i!<img loading=\"lazy\" decoding=\"async\" width=\"16\" height=\"16\" src=\"https:\/\/static.xx.fbcdn.net\/images\/emoji.php\/v9\/t7f\/1\/16\/1f60a.png\" alt=\"\ud83d\ude0a\"><\/p>\n\n\n\n<p>Reserv\u00e9ieren k\u00ebnnt dir iwwert folgend Wee\u00ebr:<br>&#8211; E-mail : <strong>contact@schefflengermusek.lu<\/strong><br>&#8211; Eng Noriicht&nbsp;um R\u00e9pondeur&nbsp;hannerloossen op der Nummer: <strong>54 44 09<\/strong><br>&#8211; Eis en Message iwwert<strong> Facebook <\/strong>oder<strong> Instagram<\/strong> sch\u00e9cken&nbsp;<\/p>\n\n\n\n<p class=\"has-text-align-center\"><strong>***<\/strong><\/p>\n\n\n\n<p><\/p>\n\n\n\n<figure class=\"wp-block-image size-large\"><img loading=\"lazy\" decoding=\"async\" width=\"1024\" height=\"683\" src=\"https:\/\/www.schefflengermusek.lu\/wp-content\/uploads\/2023\/09\/20230506_HMS_Freijoersconcert_by_Pixelgraph_KleinJerome_-019-1024x683.jpg\" alt=\"\" class=\"wp-image-358\" srcset=\"https:\/\/www.schefflengermusek.lu\/wp-content\/uploads\/2023\/09\/20230506_HMS_Freijoersconcert_by_Pixelgraph_KleinJerome_-019-1024x683.jpg 1024w, https:\/\/www.schefflengermusek.lu\/wp-content\/uploads\/2023\/09\/20230506_HMS_Freijoersconcert_by_Pixelgraph_KleinJerome_-019-300x200.jpg 300w, https:\/\/www.schefflengermusek.lu\/wp-content\/uploads\/2023\/09\/20230506_HMS_Freijoersconcert_by_Pixelgraph_KleinJerome_-019-768x512.jpg 768w, https:\/\/www.schefflengermusek.lu\/wp-content\/uploads\/2023\/09\/20230506_HMS_Freijoersconcert_by_Pixelgraph_KleinJerome_-019-1536x1024.jpg 1536w, https:\/\/www.schefflengermusek.lu\/wp-content\/uploads\/2023\/09\/20230506_HMS_Freijoersconcert_by_Pixelgraph_KleinJerome_-019-676x451.jpg 676w, https:\/\/www.schefflengermusek.lu\/wp-content\/uploads\/2023\/09\/20230506_HMS_Freijoersconcert_by_Pixelgraph_KleinJerome_-019.jpg 1920w\" sizes=\"auto, (max-width: 1024px) 100vw, 1024px\" \/><\/figure>\n\n\n\n<figure class=\"wp-block-image size-large\"><img loading=\"lazy\" decoding=\"async\" width=\"1024\" height=\"684\" src=\"https:\/\/www.schefflengermusek.lu\/wp-content\/uploads\/2023\/09\/20230506_HMS_Freijoersconcert_by_Pixelgraph_KleinJerome_-030-1024x684.jpg\" alt=\"\" class=\"wp-image-359\" srcset=\"https:\/\/www.schefflengermusek.lu\/wp-content\/uploads\/2023\/09\/20230506_HMS_Freijoersconcert_by_Pixelgraph_KleinJerome_-030-1024x684.jpg 1024w, https:\/\/www.schefflengermusek.lu\/wp-content\/uploads\/2023\/09\/20230506_HMS_Freijoersconcert_by_Pixelgraph_KleinJerome_-030-300x200.jpg 300w, https:\/\/www.schefflengermusek.lu\/wp-content\/uploads\/2023\/09\/20230506_HMS_Freijoersconcert_by_Pixelgraph_KleinJerome_-030-768x513.jpg 768w, https:\/\/www.schefflengermusek.lu\/wp-content\/uploads\/2023\/09\/20230506_HMS_Freijoersconcert_by_Pixelgraph_KleinJerome_-030-1536x1026.jpg 1536w, https:\/\/www.schefflengermusek.lu\/wp-content\/uploads\/2023\/09\/20230506_HMS_Freijoersconcert_by_Pixelgraph_KleinJerome_-030-676x451.jpg 676w, https:\/\/www.schefflengermusek.lu\/wp-content\/uploads\/2023\/09\/20230506_HMS_Freijoersconcert_by_Pixelgraph_KleinJerome_-030.jpg 1917w\" sizes=\"auto, (max-width: 1024px) 100vw, 1024px\" \/><\/figure>\n\n\n\n<figure class=\"wp-block-image size-large\"><img loading=\"lazy\" decoding=\"async\" width=\"1024\" height=\"683\" src=\"https:\/\/www.schefflengermusek.lu\/wp-content\/uploads\/2023\/09\/20230506_HMS_Freijoersconcert_by_Pixelgraph_KleinJerome_-089-1024x683.jpg\" alt=\"\" class=\"wp-image-360\" srcset=\"https:\/\/www.schefflengermusek.lu\/wp-content\/uploads\/2023\/09\/20230506_HMS_Freijoersconcert_by_Pixelgraph_KleinJerome_-089-1024x683.jpg 1024w, https:\/\/www.schefflengermusek.lu\/wp-content\/uploads\/2023\/09\/20230506_HMS_Freijoersconcert_by_Pixelgraph_KleinJerome_-089-300x200.jpg 300w, https:\/\/www.schefflengermusek.lu\/wp-content\/uploads\/2023\/09\/20230506_HMS_Freijoersconcert_by_Pixelgraph_KleinJerome_-089-768x512.jpg 768w, https:\/\/www.schefflengermusek.lu\/wp-content\/uploads\/2023\/09\/20230506_HMS_Freijoersconcert_by_Pixelgraph_KleinJerome_-089-1536x1024.jpg 1536w, https:\/\/www.schefflengermusek.lu\/wp-content\/uploads\/2023\/09\/20230506_HMS_Freijoersconcert_by_Pixelgraph_KleinJerome_-089-676x451.jpg 676w, https:\/\/www.schefflengermusek.lu\/wp-content\/uploads\/2023\/09\/20230506_HMS_Freijoersconcert_by_Pixelgraph_KleinJerome_-089.jpg 1920w\" sizes=\"auto, (max-width: 1024px) 100vw, 1024px\" \/><\/figure>\n\n\n\n<figure class=\"wp-block-image size-large\"><img loading=\"lazy\" decoding=\"async\" width=\"1024\" height=\"684\" src=\"https:\/\/www.schefflengermusek.lu\/wp-content\/uploads\/2023\/09\/20230506_HMS_Freijoersconcert_by_Pixelgraph_KleinJerome_-117-1024x684.jpg\" alt=\"\" class=\"wp-image-361\" srcset=\"https:\/\/www.schefflengermusek.lu\/wp-content\/uploads\/2023\/09\/20230506_HMS_Freijoersconcert_by_Pixelgraph_KleinJerome_-117-1024x684.jpg 1024w, https:\/\/www.schefflengermusek.lu\/wp-content\/uploads\/2023\/09\/20230506_HMS_Freijoersconcert_by_Pixelgraph_KleinJerome_-117-300x200.jpg 300w, https:\/\/www.schefflengermusek.lu\/wp-content\/uploads\/2023\/09\/20230506_HMS_Freijoersconcert_by_Pixelgraph_KleinJerome_-117-768x513.jpg 768w, https:\/\/www.schefflengermusek.lu\/wp-content\/uploads\/2023\/09\/20230506_HMS_Freijoersconcert_by_Pixelgraph_KleinJerome_-117-1536x1026.jpg 1536w, https:\/\/www.schefflengermusek.lu\/wp-content\/uploads\/2023\/09\/20230506_HMS_Freijoersconcert_by_Pixelgraph_KleinJerome_-117-676x451.jpg 676w, https:\/\/www.schefflengermusek.lu\/wp-content\/uploads\/2023\/09\/20230506_HMS_Freijoersconcert_by_Pixelgraph_KleinJerome_-117.jpg 1917w\" sizes=\"auto, (max-width: 1024px) 100vw, 1024px\" \/><\/figure>\n\n\n\n<figure class=\"wp-block-image size-large\"><img loading=\"lazy\" decoding=\"async\" width=\"1024\" height=\"683\" src=\"https:\/\/www.schefflengermusek.lu\/wp-content\/uploads\/2023\/09\/20230506_HMS_Freijoersconcert_by_Pixelgraph_KleinJerome_-172-1024x683.jpg\" alt=\"\" class=\"wp-image-362\" srcset=\"https:\/\/www.schefflengermusek.lu\/wp-content\/uploads\/2023\/09\/20230506_HMS_Freijoersconcert_by_Pixelgraph_KleinJerome_-172-1024x683.jpg 1024w, https:\/\/www.schefflengermusek.lu\/wp-content\/uploads\/2023\/09\/20230506_HMS_Freijoersconcert_by_Pixelgraph_KleinJerome_-172-300x200.jpg 300w, https:\/\/www.schefflengermusek.lu\/wp-content\/uploads\/2023\/09\/20230506_HMS_Freijoersconcert_by_Pixelgraph_KleinJerome_-172-768x512.jpg 768w, https:\/\/www.schefflengermusek.lu\/wp-content\/uploads\/2023\/09\/20230506_HMS_Freijoersconcert_by_Pixelgraph_KleinJerome_-172-1536x1024.jpg 1536w, https:\/\/www.schefflengermusek.lu\/wp-content\/uploads\/2023\/09\/20230506_HMS_Freijoersconcert_by_Pixelgraph_KleinJerome_-172-676x451.jpg 676w, https:\/\/www.schefflengermusek.lu\/wp-content\/uploads\/2023\/09\/20230506_HMS_Freijoersconcert_by_Pixelgraph_KleinJerome_-172.jpg 1920w\" sizes=\"auto, (max-width: 1024px) 100vw, 1024px\" \/><\/figure>\n\n\n\n<figure class=\"wp-block-image size-large\"><img loading=\"lazy\" decoding=\"async\" width=\"1024\" height=\"683\" src=\"https:\/\/www.schefflengermusek.lu\/wp-content\/uploads\/2023\/09\/20230506_HMS_Freijoersconcert_by_Pixelgraph_KleinJerome_-181-1024x683.jpg\" alt=\"\" class=\"wp-image-363\" srcset=\"https:\/\/www.schefflengermusek.lu\/wp-content\/uploads\/2023\/09\/20230506_HMS_Freijoersconcert_by_Pixelgraph_KleinJerome_-181-1024x683.jpg 1024w, https:\/\/www.schefflengermusek.lu\/wp-content\/uploads\/2023\/09\/20230506_HMS_Freijoersconcert_by_Pixelgraph_KleinJerome_-181-300x200.jpg 300w, https:\/\/www.schefflengermusek.lu\/wp-content\/uploads\/2023\/09\/20230506_HMS_Freijoersconcert_by_Pixelgraph_KleinJerome_-181-768x512.jpg 768w, https:\/\/www.schefflengermusek.lu\/wp-content\/uploads\/2023\/09\/20230506_HMS_Freijoersconcert_by_Pixelgraph_KleinJerome_-181-1536x1024.jpg 1536w, https:\/\/www.schefflengermusek.lu\/wp-content\/uploads\/2023\/09\/20230506_HMS_Freijoersconcert_by_Pixelgraph_KleinJerome_-181-676x451.jpg 676w, https:\/\/www.schefflengermusek.lu\/wp-content\/uploads\/2023\/09\/20230506_HMS_Freijoersconcert_by_Pixelgraph_KleinJerome_-181.jpg 1920w\" sizes=\"auto, (max-width: 1024px) 100vw, 1024px\" \/><figcaption>Fotoen : J\u00e9r\u00f4me Klein<\/figcaption><\/figure>\n","protected":false},"excerpt":{"rendered":"<p>Fr\u00e9ijoersconcert 2023 D\u2019Sch\u00ebfflenger Musek invit\u00e9iert iech ganz h\u00e4erzlech de 6. Mee um 19:30 an den Centre Sportif zu Sch\u00ebffleng op eng Rees duerch d\u00e9i vills\u00e4iteg italieenesch Musekswelt. Vun klasseschen weltbekannten Arien, iwwert Filmmusek bis modern Popmusek ass vun allem an fir jiddereen eppes dob\u00e4i. Och soss steet den Owend ganz \u00ebnnert dem Thema Italien, an [&hellip;]<\/p>\n","protected":false},"author":1,"featured_media":0,"parent":0,"menu_order":0,"comment_status":"closed","ping_status":"closed","template":"","meta":{"footnotes":""},"class_list":["post-255","page","type-page","status-publish","hentry","post-preview"],"_links":{"self":[{"href":"https:\/\/www.schefflengermusek.lu\/index.php?rest_route=\/wp\/v2\/pages\/255","targetHints":{"allow":["GET"]}}],"collection":[{"href":"https:\/\/www.schefflengermusek.lu\/index.php?rest_route=\/wp\/v2\/pages"}],"about":[{"href":"https:\/\/www.schefflengermusek.lu\/index.php?rest_route=\/wp\/v2\/types\/page"}],"author":[{"embeddable":true,"href":"https:\/\/www.schefflengermusek.lu\/index.php?rest_route=\/wp\/v2\/users\/1"}],"replies":[{"embeddable":true,"href":"https:\/\/www.schefflengermusek.lu\/index.php?rest_route=%2Fwp%2Fv2%2Fcomments&post=255"}],"version-history":[{"count":7,"href":"https:\/\/www.schefflengermusek.lu\/index.php?rest_route=\/wp\/v2\/pages\/255\/revisions"}],"predecessor-version":[{"id":385,"href":"https:\/\/www.schefflengermusek.lu\/index.php?rest_route=\/wp\/v2\/pages\/255\/revisions\/385"}],"wp:attachment":[{"href":"https:\/\/www.schefflengermusek.lu\/index.php?rest_route=%2Fwp%2Fv2%2Fmedia&parent=255"}],"curies":[{"name":"wp","href":"https:\/\/api.w.org\/{rel}","templated":true}]}}

<h2 class="has-text-align-center wp-block-heading"><strong>Fréijoersconcert 2023 </strong></h2>



<figure class="wp-block-image size-large"><img loading="lazy" decoding="async" width="1024" height="720" src="https://www.schefflengermusek.lu/wp-content/uploads/2023/04/337518373_560461045937417_8027356919294070991_n-1024x720.jpg" alt="" class="wp-image-270" srcset="https://www.schefflengermusek.lu/wp-content/uploads/2023/04/337518373_560461045937417_8027356919294070991_n-1024x720.jpg 1024w, https://www.schefflengermusek.lu/wp-content/uploads/2023/04/337518373_560461045937417_8027356919294070991_n-300x211.jpg 300w, https://www.schefflengermusek.lu/wp-content/uploads/2023/04/337518373_560461045937417_8027356919294070991_n-768x540.jpg 768w, https://www.schefflengermusek.lu/wp-content/uploads/2023/04/337518373_560461045937417_8027356919294070991_n-676x475.jpg 676w, https://www.schefflengermusek.lu/wp-content/uploads/2023/04/337518373_560461045937417_8027356919294070991_n.jpg 1408w" sizes="auto, (max-width: 1024px) 100vw, 1024px" /></figure>



<p class="has-text-align-center">D’Schëfflenger Musek invitéiert iech ganz häerzlech de 6. Mee um 19:30 an den Centre Sportif zu Schëffleng op eng Rees duerch déi villsäiteg italieenesch Musekswelt. <img loading="lazy" decoding="async" width="16" height="16" src="https://static.xx.fbcdn.net/images/emoji.php/v9/tb9/1/16/1f1ee_1f1f9.png" alt="🇮🇹"></p>



<p class="has-text-align-center">Vun klasseschen weltbekannten Arien, iwwert Filmmusek bis modern Popmusek ass vun allem an fir jiddereen eppes dobäi. <img loading="lazy" decoding="async" width="16" height="16" src="https://static.xx.fbcdn.net/images/emoji.php/v9/t4b/1/16/1f3bb.png" alt="🎻"><img loading="lazy" decoding="async" width="16" height="16" src="https://static.xx.fbcdn.net/images/emoji.php/v9/t7e/1/16/1f3a4.png" alt="🎤"><br>Och soss steet den Owend ganz ënnert dem Thema Italien, an fir traditionellt Iessen an Gedrénks ass selbstverständlech beschtens gesuergt. <img loading="lazy" decoding="async" width="16" height="16" src="https://static.xx.fbcdn.net/images/emoji.php/v9/tab/1/16/1f355.png" alt="🍕"><img loading="lazy" decoding="async" width="16" height="16" src="https://static.xx.fbcdn.net/images/emoji.php/v9/tf/1/16/1f942.png" alt="🥂"></p>



<p class="has-text-align-center"><strong>Mir freeën&nbsp;eis elo schon iech all op eisem Fréijoersconcert kënnen ze begréissen!</strong></p>



<p class="has-text-align-center"><strong>***</strong></p>



<p>Reservéiert elo är Platzen, den Entrée ass fräi!<img loading="lazy" decoding="async" width="16" height="16" src="https://static.xx.fbcdn.net/images/emoji.php/v9/t7f/1/16/1f60a.png" alt="😊"></p>



<p>Reservéieren kënnt dir iwwert folgend Weeër:<br>&#8211; E-mail : <strong>contact@schefflengermusek.lu</strong><br>&#8211; Eng Noriicht&nbsp;um Répondeur&nbsp;hannerloossen op der Nummer: <strong>54 44 09</strong><br>&#8211; Eis en Message iwwert<strong> Facebook </strong>oder<strong> Instagram</strong> schécken&nbsp;</p>



<p class="has-text-align-center"><strong>***</strong></p>



<p></p>



<figure class="wp-block-image size-large"><img loading="lazy" decoding="async" width="1024" height="683" src="https://www.schefflengermusek.lu/wp-content/uploads/2023/09/20230506_HMS_Freijoersconcert_by_Pixelgraph_KleinJerome_-019-1024x683.jpg" alt="" class="wp-image-358" srcset="https://www.schefflengermusek.lu/wp-content/uploads/2023/09/20230506_HMS_Freijoersconcert_by_Pixelgraph_KleinJerome_-019-1024x683.jpg 1024w, https://www.schefflengermusek.lu/wp-content/uploads/2023/09/20230506_HMS_Freijoersconcert_by_Pixelgraph_KleinJerome_-019-300x200.jpg 300w, https://www.schefflengermusek.lu/wp-content/uploads/2023/09/20230506_HMS_Freijoersconcert_by_Pixelgraph_KleinJerome_-019-768x512.jpg 768w, https://www.schefflengermusek.lu/wp-content/uploads/2023/09/20230506_HMS_Freijoersconcert_by_Pixelgraph_KleinJerome_-019-1536x1024.jpg 1536w, https://www.schefflengermusek.lu/wp-content/uploads/2023/09/20230506_HMS_Freijoersconcert_by_Pixelgraph_KleinJerome_-019-676x451.jpg 676w, https://www.schefflengermusek.lu/wp-content/uploads/2023/09/20230506_HMS_Freijoersconcert_by_Pixelgraph_KleinJerome_-019.jpg 1920w" sizes="auto, (max-width: 1024px) 100vw, 1024px" /></figure>



<figure class="wp-block-image size-large"><img loading="lazy" decoding="async" width="1024" height="684" src="https://www.schefflengermusek.lu/wp-content/uploads/2023/09/20230506_HMS_Freijoersconcert_by_Pixelgraph_KleinJerome_-030-1024x684.jpg" alt="" class="wp-image-359" srcset="https://www.schefflengermusek.lu/wp-content/uploads/2023/09/20230506_HMS_Freijoersconcert_by_Pixelgraph_KleinJerome_-030-1024x684.jpg 1024w, https://www.schefflengermusek.lu/wp-content/uploads/2023/09/20230506_HMS_Freijoersconcert_by_Pixelgraph_KleinJerome_-030-300x200.jpg 300w, https://www.schefflengermusek.lu/wp-content/uploads/2023/09/20230506_HMS_Freijoersconcert_by_Pixelgraph_KleinJerome_-030-768x513.jpg 768w, https://www.schefflengermusek.lu/wp-content/uploads/2023/09/20230506_HMS_Freijoersconcert_by_Pixelgraph_KleinJerome_-030-1536x1026.jpg 1536w, https://www.schefflengermusek.lu/wp-content/uploads/2023/09/20230506_HMS_Freijoersconcert_by_Pixelgraph_KleinJerome_-030-676x451.jpg 676w, https://www.schefflengermusek.lu/wp-content/uploads/2023/09/20230506_HMS_Freijoersconcert_by_Pixelgraph_KleinJerome_-030.jpg 1917w" sizes="auto, (max-width: 1024px) 100vw, 1024px" /></figure>



<figure class="wp-block-image size-large"><img loading="lazy" decoding="async" width="1024" height="683" src="https://www.schefflengermusek.lu/wp-content/uploads/2023/09/20230506_HMS_Freijoersconcert_by_Pixelgraph_KleinJerome_-089-1024x683.jpg" alt="" class="wp-image-360" srcset="https://www.schefflengermusek.lu/wp-content/uploads/2023/09/20230506_HMS_Freijoersconcert_by_Pixelgraph_KleinJerome_-089-1024x683.jpg 1024w, https://www.schefflengermusek.lu/wp-content/uploads/2023/09/20230506_HMS_Freijoersconcert_by_Pixelgraph_KleinJerome_-089-300x200.jpg 300w, https://www.schefflengermusek.lu/wp-content/uploads/2023/09/20230506_HMS_Freijoersconcert_by_Pixelgraph_KleinJerome_-089-768x512.jpg 768w, https://www.schefflengermusek.lu/wp-content/uploads/2023/09/20230506_HMS_Freijoersconcert_by_Pixelgraph_KleinJerome_-089-1536x1024.jpg 1536w, https://www.schefflengermusek.lu/wp-content/uploads/2023/09/20230506_HMS_Freijoersconcert_by_Pixelgraph_KleinJerome_-089-676x451.jpg 676w, https://www.schefflengermusek.lu/wp-content/uploads/2023/09/20230506_HMS_Freijoersconcert_by_Pixelgraph_KleinJerome_-089.jpg 1920w" sizes="auto, (max-width: 1024px) 100vw, 1024px" /></figure>



<figure class="wp-block-image size-large"><img loading="lazy" decoding="async" width="1024" height="684" src="https://www.schefflengermusek.lu/wp-content/uploads/2023/09/20230506_HMS_Freijoersconcert_by_Pixelgraph_KleinJerome_-117-1024x684.jpg" alt="" class="wp-image-361" srcset="https://www.schefflengermusek.lu/wp-content/uploads/2023/09/20230506_HMS_Freijoersconcert_by_Pixelgraph_KleinJerome_-117-1024x684.jpg 1024w, https://www.schefflengermusek.lu/wp-content/uploads/2023/09/20230506_HMS_Freijoersconcert_by_Pixelgraph_KleinJerome_-117-300x200.jpg 300w, https://www.schefflengermusek.lu/wp-content/uploads/2023/09/20230506_HMS_Freijoersconcert_by_Pixelgraph_KleinJerome_-117-768x513.jpg 768w, https://www.schefflengermusek.lu/wp-content/uploads/2023/09/20230506_HMS_Freijoersconcert_by_Pixelgraph_KleinJerome_-117-1536x1026.jpg 1536w, https://www.schefflengermusek.lu/wp-content/uploads/2023/09/20230506_HMS_Freijoersconcert_by_Pixelgraph_KleinJerome_-117-676x451.jpg 676w, https://www.schefflengermusek.lu/wp-content/uploads/2023/09/20230506_HMS_Freijoersconcert_by_Pixelgraph_KleinJerome_-117.jpg 1917w" sizes="auto, (max-width: 1024px) 100vw, 1024px" /></figure>



<figure class="wp-block-image size-large"><img loading="lazy" decoding="async" width="1024" height="683" src="https://www.schefflengermusek.lu/wp-content/uploads/2023/09/20230506_HMS_Freijoersconcert_by_Pixelgraph_KleinJerome_-172-1024x683.jpg" alt="" class="wp-image-362" srcset="https://www.schefflengermusek.lu/wp-content/uploads/2023/09/20230506_HMS_Freijoersconcert_by_Pixelgraph_KleinJerome_-172-1024x683.jpg 1024w, https://www.schefflengermusek.lu/wp-content/uploads/2023/09/20230506_HMS_Freijoersconcert_by_Pixelgraph_KleinJerome_-172-300x200.jpg 300w, https://www.schefflengermusek.lu/wp-content/uploads/2023/09/20230506_HMS_Freijoersconcert_by_Pixelgraph_KleinJerome_-172-768x512.jpg 768w, https://www.schefflengermusek.lu/wp-content/uploads/2023/09/20230506_HMS_Freijoersconcert_by_Pixelgraph_KleinJerome_-172-1536x1024.jpg 1536w, https://www.schefflengermusek.lu/wp-content/uploads/2023/09/20230506_HMS_Freijoersconcert_by_Pixelgraph_KleinJerome_-172-676x451.jpg 676w, https://www.schefflengermusek.lu/wp-content/uploads/2023/09/20230506_HMS_Freijoersconcert_by_Pixelgraph_KleinJerome_-172.jpg 1920w" sizes="auto, (max-width: 1024px) 100vw, 1024px" /></figure>



<figure class="wp-block-image size-large"><img loading="lazy" decoding="async" width="1024" height="683" src="https://www.schefflengermusek.lu/wp-content/uploads/2023/09/20230506_HMS_Freijoersconcert_by_Pixelgraph_KleinJerome_-181-1024x683.jpg" alt="" class="wp-image-363" srcset="https://www.schefflengermusek.lu/wp-content/uploads/2023/09/20230506_HMS_Freijoersconcert_by_Pixelgraph_KleinJerome_-181-1024x683.jpg 1024w, https://www.schefflengermusek.lu/wp-content/uploads/2023/09/20230506_HMS_Freijoersconcert_by_Pixelgraph_KleinJerome_-181-300x200.jpg 300w, https://www.schefflengermusek.lu/wp-content/uploads/2023/09/20230506_HMS_Freijoersconcert_by_Pixelgraph_KleinJerome_-181-768x512.jpg 768w, https://www.schefflengermusek.lu/wp-content/uploads/2023/09/20230506_HMS_Freijoersconcert_by_Pixelgraph_KleinJerome_-181-1536x1024.jpg 1536w, https://www.schefflengermusek.lu/wp-content/uploads/2023/09/20230506_HMS_Freijoersconcert_by_Pixelgraph_KleinJerome_-181-676x451.jpg 676w, https://www.schefflengermusek.lu/wp-content/uploads/2023/09/20230506_HMS_Freijoersconcert_by_Pixelgraph_KleinJerome_-181.jpg 1920w" sizes="auto, (max-width: 1024px) 100vw, 1024px" /><figcaption>Fotoen : Jérôme Klein</figcaption></figure>

<p>Fréijoersconcert 2023 D’Schëfflenger Musek invitéiert iech ganz häerzlech de 6. Mee um 19:30 an den Centre Sportif zu Schëffleng op eng Rees duerch déi villsäiteg italieenesch Musekswelt. Vun klasseschen weltbekannten Arien, iwwert Filmmusek bis modern Popmusek ass vun allem an fir jiddereen eppes dobäi. Och soss steet den Owend ganz ënnert dem Thema Italien, an [&hellip;]</p>
